i(6).
5
Let c(b) be the third derivative of -b**6/120 - 17*b**5/60 + 17*b**4/24 - 19*b**3/6 - b**2 + 256. Determine c(-18).
-1
Let p(h) = -2*h + 21. Let g be p(7). Suppose -g*n - 8 = 6. Let j(t) = 3*t**2 + 1. Calculate j(n).
13
Let p(n) = -n**3 + 8*n**2 - 3*n - 1. Suppose -4*j - 2*x + 32 = 0, -65*j + 5*x = -66*j + 26. What is p(j)?
53
Let g(x) = -5*x. Suppose -33 = o - 35. Calculate g(o).
-10
Let b(p) = -4*p**2 + 19*p - 1. Let z(t) = 3*t**2 - 13*t + 1. Let k(a) = -5*b(a) - 7*z(a). Suppose 2*h + 41 = -5. Let m = h - -20. What is k(m)?
1
Let n(h) = h**3 - h. Let z(i) = 2*i**3 + i**2 + i + 2. Let r(t) = -3*n(t) + z(t). Give r(-3).
26
Suppose 6 = -4*r + 2*x, -158*r + 5*x - 26 = -159*r. Let q(w) = -2*w**2 + 4*w - 3. What is q(r)?
-1
Let j(q) be the first derivative of -10*q - 1/3*q**3 + 7/2*q**2 - 19. Determine j(7).
-10
Let a(k) be the third derivative of -k**6/120 + k**5/10 - 5*k**4/24 + k**3/3 + 56*k**2. What is a(4)?
14
Let b(q) = q**2 + q - 1. Let l be b(-3). Let o(v) = -203*v - 5 + 204*v - 3. Calculate o(l).
-3
Let w(x) be the first derivative of -x**4/4 + x**3 + 2*x**2 + 3*x + 121. Determine w(4).
3
Let x(z) = -z**2 - 1. Let u(o) = o**3 - 18*o**2 + 2*o - 12. Let c(m) = -u(m) + 5*x(m). Determine c(13).
-19
Let h(m) = -m**2 - 7*m - 4. Suppose -20 = 7*g + 22. Give h(g).
2
Let j(f) = -1793 - 4*f + 1791 + 4*f + f. Calculate j(7).
5
Let n be -3 - ((-1911)/(-28))/(-21). Let j(r) be the first derivative of 5 + n*r**4 - 1/2*r**2 + r - 1/3*r**3. Determine j(0).
1
Let u(r) = r**2 + r - 1. Let k = 499 + -503. What is u(k)?
11
Let p(n) = -5*n**2 + n + 13. Let i(w) be the first derivative of 4*w**3/3 - w**2/2 - 12*w + 15. Let t(m) = 6*i(m) + 5*p(m). Determine t(0).
-7
Let z(d) = -3 - 5*d**2 - d**2 + d**3 + 2*d - 6. Let h(c) = -c**3 + 2 - 14 + 6*c**2 + c - 12. Let f be h(5). Give z(f).
3
Let v(s) be the third derivative of s**5/60 + s**4/12 - s**3/6 - 15*s**2. Let l be v(-2). Let i(d) = -5*d**3 - 2*d - 1. Determine i(l).
6
Let u(p) be the third derivative of -p**7/315 + p**6/360 + p**5/120 - 3*p**4/8 - 11*p**2. Let g(t) be the second derivative of u(t). Determine g(-1).
-9
Let m be -11 - 3*(-16)/12. Let u(y) = -y**3 - 6*y**2 + 9*y + 10. Determine u(m).
-4
Let x(r) = -r**3 + 5*r**2 + r - 6. Let s(b) = b**2 + 42*b + 437. Let m be s(-24). Determine x(m).
-1
Let l be -5 + (9 - 0) + 17. Suppose -5*s + l = 2*p, s - 5*p - 8 = -20. Let o(d) = d**2 - 3*d. Give o(s).
0
Let c be 50/14 + 8/(-14). Let z be (0 + c)/(-3) + 3. Let l(d) = -2 + 0 - z*d + d + 1. What is l(2)?
-3
Let w(s) = 19*s + 3. Let l(q) = 29*q + 4. Let o(a) = -2*l(a) + 3*w(a). Let d(n) = -2*n - 3. Let v be d(-5). Give o(v).
-6
Let s(d) = -d**3 - 21*d**2 - 69*d - 16. Let v be s(-17). Let x(c) = 3 - 5 + 7*c + 1. What is x(v)?
6
Suppose -15 = 3*x, x = 2*n + 2*n - 125. Suppose 4*y + n - 6 = 0. Let q(c) = 18*c**2 + 16*c**2 - 44*c**2 + 1 + 9*c**2 - 8*c. Give q(y).
13
Suppose -4*f + 33 = -7*f. Let l be f + (-2 - 10)/(-4). Let m(c) = -c**3 - 8*c**2. Let b be m(l). Let w(r) = r**2 - r - 5. Calculate w(b).
-5
Suppose -5*w = -4*c - 5, 0 = 4*w - 5*c + 8 - 21. Let l = w + 3. Suppose 0*a + a - 2 = 2*b, l = -4*b - 3*a - 4. Let r(x) = 4*x**3 - 2*x**2 - x. What is r(b)?
-5
Let g(r) = -29*r**3 + 5*r**2 + 2*r + 7. Let n(b) = 14*b**3 - 2*b**2 - b - 3. Let s(j) = -3*g(j) - 7*n(j). Suppose 4*y + 1532 - 1536 = 0. Determine s(y).
-11
Suppose 16 = 4*i + 10*f - 6*f, 26 = 2*i - 4*f. Let s(z) = -6*z - 42*z**2 + 28*z**2 + 15*z**2 - i. Calculate s(8).
9
Let p(z) be the first derivative of -z**4/4 - 4*z**3/3 - z**2 - 4*z + 16. Give p(-4).
4
Suppose 5*o - 15 = -5. Let r(q) be the second derivative of 1/6*q**3 + 0 - 1/2*q**2 - o*q. Calculate r(-1).
-2
Let z(m) = -16*m**2 - 4*m + 3. Let f(h) = -11*h**2 - 3*h + 2. Let o be ((-25)/10)/(-5)*(-10)/(-1). Let d(n) = o*z(n) - 7*f(n). Give d(-2).
-13
Suppose 2*u + 6 = 4*u. Let t(b) = 139*b**2 - 5*b - 71*b**2 - 67*b**2. Calculate t(u).
-6
Let f(j) = 2*j**2 - 4*j + 3. Let i be f(3). Let l(m) = -m**2 + 12*m - 30. Let y be l(i). Let h(b) = b**3 + 3*b**2 - 4*b - 3. Determine h(y).
9
Let z(b) be the second derivative of -b**6/60 - b**5/12 - 5*b**4/24 - b**3/3 - 21*b**2/2 - 19*b. Let y(i) be the first derivative of z(i). Calculate y(-3).
22
Suppose 5 = -w, 2 + 20 = -b - 5*w. Let s be 2/(-2)*(3 - b). Let r(l) = -1 + l + 4 + s*l - 1. What is r(5)?
7
Suppose -z + 3 = 3*k - 11, 3*k = z + 16. Let m(d) be the first derivative of d**4 - d**3/3 - d**2/2 - d - 16. Calculate m(z).
-5
Let n(q) = -11*q + 1. Let k = -1285 - -1286. What is n(k)?
-10
Let f = -696 + 697. Let z(a) = a - 2. What is z(f)?
-1
Let o be (-1)/((-2)/(14 + -2)). Let l(b) = 4*b + 3*b - o*b - 14. Suppose 30 = 2*d + 3*d. Give l(d).
-8
Let i(x) = -5*x - 4. Let k(z) = -4*z - 3. Let t(w) = 5*i(w) - 7*k(w). What is t(5)?
16
Let t(f) = -5*f + 97. Let h be t(18). Let k(y) = -5*y + 27. What is k(h)?
-8
Let g(a) = -17*a**2 + a - 1. Let h(m) be the third derivative of m**5/60 + 7*m**4/24 + 11*m**3/6 + 9*m**2. Let p be h(-5). Let i be 4/p - (-2 - -5). Give g(i).
-17
Suppose 5*z + 7*p - 6*p = 19, -2*z + 14 = 2*p. Let g(o) = -2*o - 5. Calculate g(z).
-11
Let t(f) = f + 10. Let b be t(-5). Let h(v) = -v**2 - 5 - b + 2*v + 8. Let m = 0 - -2. What is h(m)?
-2
Let l = 59 - 59. Let m(x) = -5*x + 9*x + 2 - 3*x. Calculate m(l).
2
Let k(d) = d - 7. Let w(y) = 16*y - 7. Let m be w(3). Suppose 0 = 5*b + i + 9 - m, -4*i = -8. Let c be (-27)/b*(-8)/(-6). Give k(c).
-13
Let h(g) be the second derivative of g**5/20 + 5*g**4/6 + 2*g**3 - 2*g**2 + 735*g. What is h(-8)?
28
Let y(k) = -2*k**2 - 10*k + 8. Let d be y(-9). Let r = 62 + d. Let p(f) be the first derivative of 5*f**2/2 - 1. Determine p(r).
-10
Let t(a) = 2*a - 10. Let f(w) be the second derivative of 3*w**5/10 + w**4/6 - w**2/2 - 7*w. Let b be f(1). What is t(b)?
4
Let z(t) be the first derivative of -t**2/2 - 18*t + 251. Calculate z(0).
-18
Let z = -338 - -337. Let v(x) = -9*x**2 + x. Determine v(z).
-10
Suppose -2 - 2 = 4*x. Let y(h) be the third derivative of h**7/840 + h**6/720 - 3*h**5/20 - 2*h**2. Let v(w) be the third derivative of y(w). Determine v(x).
-5
Let x(h) = -26*h**2 + 14 - h - 8*h - 10*h + 2*h. Let q(d) = -9*d**2 - 6*d + 5. Let i(n) = -17*q(n) + 6*x(n). Give i(1).
-4
Let n = -26 + 30. Let j(i) = -5*i**2 - 2*i + 0*i - 7*i**2 + 9*i**2 + i**3. What is j(n)?
8
Let f(h) be the first derivative of -h**2 + 8*h + 35. Give f(-10).
28
Let l be (7 - (8 + -2))*(1 - 1). Let d(b) = -b**3 + b**2 - 2*b + 14. Let m(j) = 2*j**3 - 2*j**2 + 3*j - 13. Let x(p) = -3*d(p) - 2*m(p). Determine x(l).
-16
Let d(s) = -s + 2. Let o(i) = -1. Let a(u) = 4*d(u) + 9*o(u). Let b(k) = k**3 - 8*k**2 - 9*k + 4. Let z be b(9). What is a(z)?
-17
Let z(s) = 2*s**3 + 4*s**2 + 4*s + 3. Let l(c) be the second derivative of c**5/20 - 9*c**2/2 - 2*c. Let n be l(0). Let h be ((-2)/(-3))/(3/n). What is z(h)?
-5
Let l(j) be the second derivative of -j**3/6 - j. Let n(f) = -f**2 - 9*f - 9. Let q be n(-7). Suppose -5*h + 12 = p, -3*p - 3 = -3*h + q*h. What is l(h)?
-3
Let t(o) = 2*o + 5. Let q(b) = 2*b - b - 4 - b - 3*b. Let h(s) = -4*q(s) - 5*t(s). Determine h(7).
5
Let i be (-2 - 3/(-2))*-4. Let y = i + 2. Let z be 2/3*(1 - y). Let x(m) = -m**2 + m + 2. Give x(z).
-4
Let j be (21 + -14)*2/7. Suppose 5*i - 25 = 3*q + j*q, 5*i - 23 = 4*q. Let g(t) = -3*t - 3*t**2 + 2*t**3 - 4*t**3 + t**3. What is g(q)?
2
Suppose -234*j + 236*j + 12 = 0. Let a(v) = v + 8. Calculate a(j).
2
Suppose 0 = -4*a + 2*v + 76, -5*a + 5*v + 64 = -2*a. Let j = a + -18. Let y(p) = j + p + 7 - 3. Determine y(-7).
-3
Suppose -16*x + 120 = 44*x. Let f(z) be the third derivative of -1/6*z**3 + 0 - 1/24*z**4 - 11/60*z**5 + 9*z**x + 0*z. Determine f(-1).
-11
Let h(s) = -4*s + 6. Let j(k) = 29*k. Let i be j(0). Calculate h(i).
6
Let z be (-92)/(-28) + (-10)/35. Let g(d) = -5*d + 11*d - z*d + 4 - 2*d. Give g(-5).
-1
Suppose -7*c = i - 10*c - 13, c = 2*i - 1. Let o(v) = v**3 - v + 0*v**2 - 2*v**2 - 1 - 2 - 3*v. What is o(i)?
-11
Suppose -3*s = 2*s + 50. Let f = 5 + s. Let c(t) = 14*t + 5. Let x(g) = -30*g - 11. Let u(j) = 13*c(j) + 6*x(j). Give u(f).
-11
Suppose -s - 18 = 2*s. Let x(k) be the third derivative of k**6/120 + 7*k**5/60 + 5*k**4/24 + k**3/6 + 2306*k**2 - 3. Give x(s).
7
Let h(d) be the third derivative of -d**4/24 - 3*d**3/2 + 3*d**2 + d. Determine h(-7).
-2
Let v(o)